. What is the highest common divisor of h and r?
9
Let c(s) = s**3 - 42*s + 5. Let u be c(-5). Calculate the highest common factor of u and 660.
30
Let h = 82843 + -82778. Suppose -4*s + 3372 = 2*r, -5*r + 1670 = -0*s + 2*s. What is the greatest common divisor of s and h?
65
Let h = -410 - -692. Let j = h - 278. What is the highest common divisor of j and 16?
4
Let b be 3*2/(-18) + (-7)/(-3). Let k be (b/(-4))/((-27)/18)*75. Calculate the greatest common divisor of k and 25.
25
Suppose 4*h - 6 = 3*t - 20, -t + h = -3. Let b be ((-6)/t)/(30/6080). What is the highest common factor of b and 38?
38
Suppose -136 = -5*z - 2*v, 14*v = z + 6*v - 86. What is the highest common divisor of z and 75?
15
Suppose -3*n - 5*f = -909, -4*n = -82*f + 80*f - 1212. Calculate the greatest common divisor of n and 39.
3
Let y be 2 - ((-17 - -2) + -165). Calculate the highest common divisor of y and 1846.
26
Let x = -728 - -791. Suppose 92 = -59*a + x*a. Let y(m) = -m**2 + 115. Let b be y(0). What is the greatest common divisor of a and b?
23
Suppose -c + 743 = 5*a - 1695, -5*c - 7330 = -15*a. What is the greatest common factor of 2074 and a?
122
Let w = 137010 + -137009. Suppose -4*y + 2*h + 12 = 0, -5*h + 12 = y - h. Calculate the highest common divisor of w and y.
1
Let o(b) = -6*b - 26. Let m(n) = 5*n + 25. Let s(a) = 4*m(a) + 3*o(a). Let c be s(4). Let d = c - 11. Calculate the greatest common divisor of d and 19.
19
Suppose -208417 = 80*s - 123103 - 935234. Calculate the greatest common factor of 256 and s.
128
Suppose 5*v - 5*h + 40 = 0, 0 = -3*h + 11 - 2. Let g be (-3 + 7 - v) + 1*2. Let l be 2*g + -12 + 8. What is the greatest common divisor of l and 27?
9
Let s = -104 - -156. Let k = s - 52. Suppose -2*t + 19 + 35 = k. Calculate the highest common factor of 243 and t.
27
Suppose -5*y - 11*y = -688. Let v = 228 - y. Calculate the greatest common divisor of v and 5.
5
Let v = 669 - 439. Suppose 0*g + g = 5*x - 13, 23 = 5*x + 4*g. Suppose 3*q + 187 = 2*c, c + 18 = x*q + 113. Calculate the highest common divisor of c and v.
46
Let d be -30*((-712)/140 - 6/(-21)). Suppose 0 = r, -13*j + 9*j + 432 = -2*r. What is the greatest common factor of d and j?
36
Suppose 3*x + 5 = -2*x + 5*f, -5*x - 2*f = -23. Let d be (x/(9/21))/1. Calculate the greatest common factor of d and 91.
7
Let h(y) = 5*y**2 - 60*y + 19. Let l(p) = -5*p**2 + 61*p - 21. Let n(a) = 6*h(a) + 5*l(a). Let k be n(11). Calculate the greatest common divisor of 45 and k.
9
Let l = -5 + 8. Let y(j) = 3*j**3 - 2*j**2 + 3*j. Let b be y(l). Let u be -7 + (21 - (-4)/1). Calculate the greatest common factor of b and u.
18
Let u be (-972)/20 + -2*(-1)/(-5). Let c = u - -71. What is the highest common factor of 55 and c?
11
Suppose b = 3*b - b. Suppose 3*c - 4*x + 44 = 0, b = 2*c + 3*c - 2*x + 50. Let i = c + 18. What is the greatest common divisor of 40 and i?
10
Suppose -3*w + 4*u - 2*u = -194323, -4*u = 5*w - 323857. Calculate the greatest common divisor of 27 and w.
27
Let g(k) = k**3 - 5*k**2 + 5*k - 34. Let d be g(6). Suppose 0 = 11*r - 6*r. Suppose r = -10*o + 14*o - 192. Calculate the greatest common divisor of d and o.
16
Let n be (-185)/(-25) + (-6)/(-10). Let r(x) = 10*x**2 + 179*x - 81. Let i be r(-19). What is the greatest common divisor of i and n?
8
Suppose 2*j + 11 + 3 = 0. Let b = j + 12. Suppose -b*g - 3*c = -c - 154, 0 = 4*g + 3*c - 126. What is the greatest common factor of 45 and g?
15
Let o be 7/7*(64 + 6/2). Let r = o + -42. Let k(p) = 12*p + 1. Let c be k(2). Calculate the highest common divisor of c and r.
25
Let m = -22458 - -23560. What is the highest common divisor of 638 and m?
58
Suppose -7*l - 38 = -108. Suppose -3*d - l = -196. Calculate the greatest common factor of 62 and d.
62
Let t = 29 - 4. Let v be (1 - -5) + ((-48)/(-2))/(-24). What is the greatest common factor of v and t?
5
Let t = -73 + 43. Let y be 1/(((-3)/(-21))/(t/(-7))). Let i be (-2)/(-15) + ((-4304)/y)/(-4). Calculate the greatest common factor of i and 24.
12
Let r = 20 - 20. Suppose l - 3*s = -5*s + 10, r = -2*l - s + 5. Suppose -f - 4*f + 440 = l. What is the greatest common factor of 22 and f?
22
Suppose 336 = -63*f + 87*f. Suppose 0*p + 78 = 6*p. Let i = -6 + p. What is the highest common divisor of i and f?
7
Let r = 114 + -60. Let z = r - 37. Calculate the highest common divisor of z and 272.
17
Let a = 37357 + -36349. What is the greatest common factor of a and 9702?
126
Let f be (-27 - 39/13)/(1/(-61)). Suppose 32*s - 27*s - f = 0. What is the highest common factor of 6 and s?
6
Let j = -10 - -23. Suppose -n = 7*n - j*n. Suppose n = -5*m + 140 + 240. What is the highest common divisor of 19 and m?
19
Suppose 120 = 22*y - 17*y. Let m(c) = -4*c + 128. Let i be m(y). What is the greatest common divisor of i and 176?
16
Let y(g) = -g**2 - 22*g - 52. Let z be y(-18). Let l(c) = -c**2 - 4*c - 7. Let i be l(-6). Let h = 29 + i. Calculate the greatest common divisor of z and h.
10
Let l(q) = q**2 + 35*q - 60. Let d be l(-29). Let r = d + 455. Calculate the highest common factor of 34 and r.
17
Suppose -2*q + 5*z - z = -16, -3*q + z + 34 = 0. Let f be ((-12)/132)/(12/66)*-8. What is the greatest common factor of f and q?
4
Suppose 0 = 36*w + 266 - 1346. What is the greatest common divisor of w and 915?
15
Let n(x) be the first derivative of -x**3/3 + 15*x**2/2 - 40*x + 13. Let d be n(7). Let y = -56 - -62. Calculate the highest common factor of y and d.
2
Let g(u) = -1377*u + 1399. Let j be g(1). Let c(t) = 46*t**2 - t + 1. Let k be c(-2). What is the greatest common factor of j and k?
11
Let a(r) = -r**2 + 2*r + 2. Let g be a(9). Let f be 3/((-22)/(-187)*(-2)/4). Let b = f - g. What is the highest common factor of b and 40?
10
Let v be (-39)/52*-76 - 9. What is the greatest common factor of 216 and v?
24
Let g be (-3)/15 - (4 + 144/(-20)). Suppose 177 = -g*y + 309. Calculate the greatest common divisor of 20 and y.
4
Let p = 98 + -58. Suppose -5*b + 115 = 3*n, -4*n + 4*b + 94 + 6 = 0. What is the greatest common factor of n and p?
10
Let c = -22 - -64. Let a = 77 + -10. Suppose -a*b = -62*b - 140. Calculate the greatest common factor of b and c.
14
Suppose 0 = 4*v - 22*y + 23*y - 1388, y = -5*v + 1735. What is the highest common factor of v and 2?
1
Let a be ((-1152)/(-26))/2 - (-14)/(-91). Let z(p) = 34*p**3 - p**2. Suppose 0 + 4 = 4*i. Let o be z(i). Calculate the greatest common divisor of a and o.
11
Let l be 3*887/(-6)*-2. Let n be 635 + (-6)/3 - 2. Let t = l - n. What is the highest common divisor of 32 and t?
32
Let g be 1/(-7) - 352/(-14). Suppose -g*n = -18*n - 7. What is the highest common factor of 32 and n?
1
Let d(a) = 45*a**2 - a. Let n be d(-1). Let w be 17/(68/(-40)) - (-339 + 7). What is the highest common factor of w and n?
46
Let w = 139 + -137. Suppose z + 121 = w*z. Suppose -5*p + z = -39. Calculate the greatest common factor of 16 and p.
16
Let y = -1127 - -1129. Let k = -6 + 6. Suppose 0 = m - 1 - k. What is the greatest common divisor of m and y?
1
Let m(a) = 548*a + 3348. Let j be m(-6). Calculate the highest common factor of 3945 and j.
15
Let v(o) be the first derivative of -o**4/4 - 6*o**3 - 2*o**2 - 18*o - 16. Let g be v(-18). Let n = -42 + g. Calculate the highest common factor of 48 and n.
12
Let p(h) = 22*h + 277. Suppose -29*k = 78 + 241. Let d be p(k). What is the highest common factor of 7 and d?
7
Suppose 0 = q - 2*q + 8. Let i = -1444 - -1298. Let g = 234 + i. What is the highest common divisor of q and g?
8
Let t = 8833 - 8809. Calculate the highest common factor of 348 and t.
12
Let t(w) = -w**3 + 2*w**2 + 3*w + 2. Let q be t(-1). Suppose 0*k = -q*k - 10, -2210 = -5*o + k. Calculate the greatest common factor of o and 9.
9
Suppose 0 = x + 4*h - 6756, -2*x - 8190 + 21722 = -2*h. What is the greatest common factor of 19 and x?
19
Let w(p) = -118*p - 277. Let c be w(-3). Calculate the greatest common factor of 231 and c.
77
Suppose g = -53 - 36. Let j = -76 - g. What is the highest common divisor of j and 26?
13
Let x be (4/(-22))/((-40)/135260) - 54/(-297). What is the greatest common divisor of x and 285?
15
Let g(u) = u**2 + 4*u - 1. Let j = -9 - -2. Let k be g(j). Let r(a) = 15*a**2 - a + 8. Let t be r(3). Calculate the greatest common divisor of t and k.
20
Let t be 